ue
Let s(m) = -m**2 - 9*m - 17. Let h be s(-5). Suppose -8*v - 16 = -4*v - h*x, -v + 11 = 3*x. Is v*2453/(5 - 6) a composite number?
True
Let d(m) = 2*m**2 - 4*m + 28. Let r be d(-8). Suppose -r*x + 41433 = -185*x. Is x a prime number?
False
Let a(s) = -64*s + 1. Let o be a(-16). Suppose 4*n - 1034 = 3*n + j, -2*j + o = n. Suppose 5*c - 3*l = 1016, -5*c - l = l - n. Is c composite?
True
Let r(o) = 1462*o - 82 + 112 - 121. Is r(5) a composite number?
False
Let t(i) = i**3 + 3*i**2 + 6*i + 38. Let v(j) = j**3 + j**2 + 3*j + 18. Let p(o) = 2*t(o) - 5*v(o). Is p(-5) prime?
True
Let m(d) = 2*d**2 - 71*d + 28. Suppose 2*g = z - 41, g - 1 = -2*z - 34. Is m(g) a composite number?
False
Let m(b) = -44*b**3 + 2*b**2 - 13*b - 8. Let l be m(-5). Let n = 7988 - l. Let z = n - 534. Is z a composite number?
False
Suppose -32*b + 326879 = 5*d - 36*b, d - 65347 = -4*b. Is d a prime number?
True
Let t(y) = 100731*y**3 + 6*y**2 - 4*y. Is t(1) prime?
True
Let k(f) = 772*f + 1295. Is k(153) prime?
False
Let a(s) = 73 + 98*s**2 + 14646*s - 14644*s + 30. Is a(9) a prime number?
True
Let m = -244 - -247. Suppose -2*p + 20 = -2*s + 2946, 4*s + m*p - 5866 = 0. Is s a composite number?
True
Suppose 51611 + 14178 = f. Is f a composite number?
False
Suppose 5*k + 136053 = 14*k. Suppose -12*x = -9*x - k. Is x composite?
False
Suppose 21942390 = -16752*n + 16782*n. Is n composite?
False
Let y = -10598 + 5882. Let l = -1883 - y. Is l prime?
True
Let a(v) be the second derivative of v**8/140 - v**6/144 + v**5/24 - 37*v**4/12 + 9*v. Let y(g) be the third derivative of a(g). Is y(2) prime?
True
Suppose 51*k - 284861 = -269977 + 2205197. Is k composite?
True
Is (-205944)/(-60) + (-56)/(-10) + -5 a composite number?
False
Let j(b) = 22*b**3 + 4*b**2 + 8*b + 13. Is j(9) composite?
False
Let t be (-3 - 2)/((-15)/12). Suppose t*j = -7*j + 6842. Is j a prime number?
False
Let r = -9275 + -1005. Let d be (-4)/(-22) - r/88. Suppose -3*g + d = -3*x, -53 = -2*g - x + 10. Is g composite?
True
Suppose 5*z = k + 2059090, 313847 = -4*z - 3*k + 1961100. Is z a prime number?
False
Let u = 106714 + -22815. Is u prime?
False
Let m = -357453 + 812556. Suppose -149834 = 17*w - m. Is w composite?
False
Let m = -56721 + 158638. Is m composite?
False
Let d be -9 + 3552/56 + 3/(-7). Suppose -w - 2*i + 8175 = 0, -3*w + 57*i + 24507 = d*i. Is w a prime number?
True
Suppose 6*h = -60 + 48. Is 1/(-2)*(-106296 - h) prime?
True
Let m = -18335 + 228892. Is m a prime number?
True
Suppose -24*y + 268902 - 27726 = 0. Suppose y = -5*k + 48054. Is k prime?
False
Suppose -3*u - 3*h = 2319, 0 = -5*u - 4*h + h - 3865. Let v = 2716 + u. Is v a prime number?
False
Let z be 44/10*(33*-1 - -3). Let o be -3*(-8)/z - 1108/(-44). Suppose 5*s = -o, 0 = 3*w - 7*w + 2*s + 1534. Is w prime?
False
Let r(a) = 195*a**3 + 9*a**2 - 9*a + 349. Is r(14) prime?
True
Let v(q) = q**3 + 4*q**2 - 6*q. Let y be v(-5). Suppose k - 14 = -3*k + 2*m, 0 = -5*m - y. Suppose 3*g - 6960 = -3*p, -5*p = -k*g - 2*p + 6966. Is g composite?
True
Let v = -13855 + 7742. Let h = 2253 - v. Suppose 0 = 3*z - 2*l - 5021, -l - h = -z - 4*z. Is z prime?
False
Is 57/342 + 38333/6 a composite number?
False
Let v(q) = 8*q - 4. Let h be v(0). Let s = 15 - h. Suppose -4773 = -s*p + 2656. Is p prime?
False
Let p(r) = -146*r**2 - 30*r. Let i(c) = 147*c**2 + 29*c - 1. Let h(x) = -3*i(x) - 4*p(x). Suppose 0*z + 50 = -8*z + 5*l, 3*z + 2*l = -11. Is h(z) prime?
True
Let y = 100 + -92. Is (y - 3)*16143/15 a composite number?
False
Suppose 2*l = -5*o + 835691, -3*o + 17*l + 501408 = 16*l. Is o prime?
False
Suppose -369 = -7*u - 33. Suppose -u - 134 = -2*a. Suppose z + 3*z - 385 = 3*l, -l = z - a. Is z a prime number?
False
Let z = -109 - -135. Suppose 174950 = z*l - 16*l. Is l prime?
False
Suppose 30*m - m = 58. Suppose 4*r + r = -4*d + 3159, m*d = r - 629. Is r a composite number?
False
Suppose -2*v - 270618 = 3*b, 270634 = -0*v - 2*v + 5*b. Let x be 6/(-4)*v/72. Suppose -10*g = -11*g + x. Is g a composite number?
False
Let s(g) = 952*g - 2629. Is s(16) a composite number?
True
Let h(b) = 24*b**3 + 3*b**2 + 6*b - 290. Is h(11) a prime number?
True
Is (-33 - -13)/((-44)/120527) prime?
False
Suppose 0 = 5*s - 14*q + 15*q + 17, 5*s = -4*q - 8. Let o(j) = -1560*j - 23. Is o(s) composite?
False
Let s(a) = -10*a - 156*a - 4 - 226*a - 124*a + 3. Suppose -3*o + h - 21 = -2*h, 5*o + 27 = h. Is s(o) a composite number?
False
Let j(z) = -2*z - 30. Let q be j(-14). Is 1/q - (-341720)/80 prime?
True
Suppose 208*u - 79942106 = 1789622. Is u composite?
True
Suppose 0 = -4843*h + 4844*h - 20413. Is h prime?
False
Let y be (20/(-15))/((-2)/3) + 0. Suppose -5*f = 2*w + 1210 - 6426, -y*w + 6 = 0. Is f a prime number?
False
Let u(n) = -n + 6135. Is u(-8) prime?
True
Let z(j) = 7*j**3 + 3*j**2 - 32*j + 45. Is z(28) composite?
True
Is 42/98*(4 + 17) + 160042 prime?
False
Let s(f) = f**3 + 152*f**2 + 442*f - 104. Is s(-71) composite?
True
Let n be (-1152)/(-20) - (-9)/(-15). Let r = n + -54. Is (-1 - r/(-2))*614 prime?
True
Let f = -363 + 395. Is 9236 + (13/(-5) - f/80) composite?
True
Suppose 3*w + 111821 = 7*w - 5*z, 4*w = z + 111801. Let y = w - 4395. Is y a composite number?
True
Let n(v) = 52739*v + 708. Is n(5) composite?
False
Let t = -147 + 4348. Is t a composite number?
False
Let q(n) = -n + 279*n**3 - 430*n**3 + 322*n**3 - 2*n**2 + 3. Is q(2) prime?
True
Let b(s) be the third derivative of s**5/60 - s**3/6 - 14*s**2. Let p be b(23). Let z = p - 130. Is z composite?
True
Suppose 2*b = -5*m + 5*b + 1430407, -3*m - b + 858233 = 0. Is m composite?
True
Let s(o) = -2*o**2 + 14*o + 81. Let n be s(10). Let v(x) be the second derivative of 23*x**3/6 + 13*x**2 + x. Is v(n) composite?
False
Let b(i) = 12964*i + 1021. Is b(102) a prime number?
True
Suppose 17*u = 16*u + 19. Let a(y) = -y + 24. Let s be a(u). Suppose 3*q = z - 238, -1 = -s*q + 6*q. Is z prime?
False
Suppose -23*o = -5849 - 57631. Suppose o = -16*v + 17*v + 5*r, 0 = 4*v + 2*r - 11130. Is v prime?
False
Suppose 2*x + 5*k - 542972 - 327749 = 0, 3*x + 5*k = 1306094. Is x composite?
True
Let q be ((-2)/(-3))/(1/3). Let z be (1865/(-10))/((-2 - -6)/(-8)). Suppose -5*j + 327 = -q*c, 0 = 4*j + 4*c - z + 89. Is j composite?
False
Let g = 333803 - -1589874. Is g composite?
True
Let s(p) = -4*p**2 + 22*p + 12. Let d be s(6). Suppose 6432 = g + t - 6*t, d = -2*g - 5*t + 12939. Is g composite?
True
Suppose 3*a - 26 + 11 = 0. Suppose -2*t + 7*t = -a*o + 23650, 2*t - 9495 = 5*o. Is t composite?
True
Suppose -12650 = -6*w + 568. Is w prime?
True
Let r(t) = -t**2 - 7*t + 300. Let x be r(-21). Suppose -6006 = -g + 4*f, -11*g + f = -x*g - 29992. Is g a prime number?
False
Let y = -499 + 494. Is y/(1*(-7)/3493) composite?
True
Suppose -3*t = 2*t - 100. Let f(g) = 7*g**3 - 14*g**2 + 14*g - 23. Let u(c) = 8*c**3 - 13*c**2 + 14*c - 22. Let m(x) = 7*f(x) - 6*u(x). Is m(t) prime?
True
Let j(r) = -r**2 - 2*r + 28. Let x be j(-6). Let y(h) = -h**2 + 4*h + 2. Let i be y(x). Suppose -8*d + i*d = -3378. Is d prime?
True
Let d(j) = -j**3 - 6*j**2 + 32*j + 2. Let p be d(3). Suppose p*f - 2*f = 20595. Is f prime?
True
Let o(y) = y**2 + 9*y + 8. Let k be o(-7). Let m(p) = -p**3 - 6*p**2 - p + 5. Let g be m(k). Suppose g*i + 2517 = 14*i. Is i prime?
True
Let i be (-3 - -2)*(-5 + 2). Let a = -254 + 292. Suppose i*c = c + a. Is c a prime number?
True
Let t be 14/(-3) + (-14)/(-21). Let a be 2 + t + 6 - 2242. Is (a/12)/(2/(-4)) a composite number?
False
Let a be -1*(-2 - 0 - 15). Suppose -3*n - a = -11. Let v(s) = -268*s + 5. Is v(n) prime?
True
Suppose 16 = 5*b + o - 10, o + 9 = 2*b. Suppose -b*r + 9223 = -3*y, -9*y - 9243 = -5*r - 11*y. Is r prime?
True
Let s(u) = -u**2 - u + 523. Let r be s(0). Let z = 18703 - 13165. Suppose 0 = -5*k - r + z. Is k prime?
False
Let v be (-6)/9*(1 - -2)*23. Let j = v + 71. Let c = 647 - j. Is c prime?
False
Suppose 5*w = -0*n - n - 2680, -2*n = 0. Let k = 2910 - w. Suppose 4*i = 2*c + k, 3*c - 4330 = -5*i - 2*c. Is i a prime number?
True
Let t(j) = -j**3 + 25*j**2 - 31*j + 25. Suppose 0 = 20*q - 15*q - 100. Let d be t(q). Suppose 12*a = d + 815. Is a prime?
False
Suppose 5*o + 10644 - 702 = -k, 5*k + 2*o = -49618. Let l = k + 14099. Is l a composite number?
False
Suppose 2*q = -r + 6117, -41*q - 12228 = -45*q - 4*r. Let t = 683